et x = h + y. What is the units digit of x?
4
Suppose 4*x - 61 = -9. What is the units digit of x?
3
Let d be 0 - 0 - 6*1. Let s be (1 + (-4)/d)*15. Suppose 75 - s = 5*a. What is the tens digit of a?
1
Let v(k) = -k**3 + k**2 - k + 18. Let z be v(0). Suppose 2*c - z = 36. What is the units digit of c?
7
Let a = 16 + -18. Let i(o) = -15*o + 1. What is the units digit of i(a)?
1
Let p = 3 + 0. Suppose 13 = p*w - 5. What is the units digit of w?
6
Let h be 0*(3/(-2) + 1). Let w = h + 0. Suppose -2*o + 8*v - 4*v = w, -3*o + 7 = v. What is the units digit of o?
2
Let g(b) = b**3 + b + 37. What is the units digit of g(0)?
7
Let m = 3 + 1. What is the units digit of m?
4
Suppose 4*w + 44 - 436 = -r, -1106 = -3*r + 2*w. What is the tens digit of r?
7
Let m(o) = -2*o**3 - 2 + o**3 - 4*o**2 + 3*o**3 + 4*o. What is the units digit of m(2)?
6
Suppose -2*a + 342 = 2*t, 5*a = -3*t - 75 + 590. What is the units digit of t?
0
Suppose -c + 5*c = 212. What is the units digit of c?
3
Suppose 2*t + m + 3*m - 44 = 0, 0 = 2*t + 2*m - 34. Suppose 6*g - 5*j = 3*g + 15, -4*j = -5*g + t. Suppose g = 3*r - 31 + 4. What is the units digit of r?
9
What is the units digit of (-1*1)/(3/(-39))?
3
Suppose 2*t = -10 + 88. What is the tens digit of t?
3
What is the tens digit of ((-4)/6)/((-17)/4233)?
6
Suppose 3*y + 3*m - 111 = 0, -3*y - 4*m = m - 107. What is the units digit of y?
9
Let o be (-24)/10 + (-10)/(-25). What is the units digit of (-497)/(-14) + o/(-4)?
6
Let t be 3*(-1 + (-8)/(-3)). Suppose -3*x - 24 = -4*l + 6, -5*l = -t*x - 40. What is the units digit of l?
6
Let k(a) = -4*a**3 - 2*a**2 + 1. Suppose 0*n = 3*n + 3. Let r = 0 + n. What is the units digit of k(r)?
3
Let b(h) = h**2 - 6*h + 2. Let g be b(7). Suppose -2*w = -2*l - l + 9, -l - 14 = 5*w. Suppose q + l = g. What is the units digit of q?
8
Suppose 85 = -5*r - 0*r. Let k = r - -27. What is the units digit of k?
0
Let p = 237 + -125. What is the hundreds digit of p?
1
Let t(c) = c**2 - 6*c + 16. What is the units digit of t(5)?
1
What is the tens digit of (63 - (-2 + -3)) + 5?
7
What is the units digit of ((-78)/(-3))/(3/6)?
2
Suppose -1 = -z - 2*t, 0*z + 3*z = 3*t + 3. Let y = -7 - z. What is the units digit of (-16)/4*2/y?
1
Let s(t) = t**3 + 11*t**2 - 5*t + 5. Let n be s(-11). Suppose -2*x - 18 = -d, -2*d - 4*x - 16 = -n. What is the units digit of d?
0
Let b = 5 - 7. Let c = b + 2. Suppose 0 = l - 1, 4*h - 5*l - 31 = c. What is the units digit of h?
9
Suppose -4*j + 3 = -5. Let m be -1*5/(-2)*j. Suppose -m*r + 37 = -4*o, o + 1 = -r + 12. What is the units digit of r?
9
Let x = -3 - -5. Suppose 0 = 2*r + x + 16. What is the units digit of (-2)/(-4) + r/(-6)?
2
Let a(g) = -17*g - 4. Let y be a(5). Let w = y + 127. What is the units digit of ((-15)/(-6))/5*w?
9
Suppose 5*n + 25 = 0, 0*n + 20 = 5*j - n. Suppose -j*o + 1 = -5. Suppose 6*q = o*q + 4. What is the units digit of q?
1
Suppose 0*d + 4*d = -64. Let o be d/(-6)*(-3)/(-2). Suppose o*l - w = 24, l - w + 11 = 2*l. What is the units digit of l?
7
Let x(y) = y**2 + y + 4. Let t be x(-6). Let o = -20 + t. What is the units digit of o?
4
Let r = 180 + -19. What is the hundreds digit of r?
1
Let q(n) = 26*n**2 + 2*n + 1. Let l be q(-1). Suppose 0*b = -5*p + b + l, 0 = -2*b. What is the units digit of p?
5
What is the units digit of (12/(-16))/((-4)/288)?
4
Let c(f) = f**3 + 4*f**2 + 4*f + 1. Let r be c(-3). What is the units digit of 0/(r - -4) + 16?
6
Let r be 21/(-9) - 4/6. Let p(u) = u**3 + 3*u**2 - 2*u - 4. Let s be p(r). Suppose -3*h = -2*b - 25, 2*h + 12 - s = -4*b. What is the units digit of h?
5
Let x(f) = 3*f - 2. Let j be x(-2). What is the units digit of (-26)/(-8) - (-2)/j?
3
Let d be (10/(-25))/((-2)/70). What is the units digit of -2 - (-15)/6*d?
3
Let f(v) = 5*v**3 - 2*v + 1. Let b be f(1). What is the units digit of ((-6)/b)/((-3)/4)?
2
Suppose -4*h - 678 = -8*h - 2*i, 3*h + 3*i = 516. What is the tens digit of h?
6
Let d(w) = -w - 6. Let i be d(0). Let s be 8/i*(1 + -4). Suppose -2*j = -6*j + s. What is the units digit of j?
1
Let j = 86 + -61. What is the tens digit of j?
2
Let m be 2*-3*(-2)/6. Suppose m*d + 3 = -w, -3*w - 9 = -0. Let u = d + 4. What is the units digit of u?
4
Let i be -1*(-6)/3*1. Suppose -b + 17 = 2*f - 1, i*b - 38 = -5*f. What is the tens digit of b?
1
Let u(j) = j. Suppose 0 = 2*q - 3*v - 23, -5*q - 4*v + 25 = -44. Let t = 20 - q. What is the units digit of u(t)?
7
What is the units digit of ((-1)/2)/((-4)/352)?
4
Suppose -2*y + 12 + 6 = 0. Let u(v) = v**2 + 2*v. Let p be u(-3). Let c = y - p. What is the units digit of c?
6
Let t = 3 + -1. Suppose 3*d + 4*c + t = 0, 4*d - d = -c + 4. Suppose 4*j + d = 5*j. What is the units digit of j?
2
Suppose 4*h = k + 40, -h - 4*k + 12 - 2 = 0. Let s = -9 + h. Suppose -n = -2*n + s. What is the units digit of n?
1
Let z(d) = d**3 - d**2 - d. What is the units digit of z(3)?
5
Let x(r) = -r + 10. Let b(i) = i**2 + 7*i + 2. Let n be b(-7). Suppose -4*f = -4*l - 24, -f - n*l - 2*l = -16. What is the units digit of x(f)?
2
Let s be (-14)/6*(-18)/3. Suppose 3*y - x + 0 = 1, 5*y = -2*x - 2. Suppose 2*p + y*p - s = 0. What is the units digit of p?
7
Suppose -6*f + 3*f = -5*x + 32, 37 = 5*x + 2*f. Suppose 5*u - x = 48. What is the tens digit of u?
1
Let n = -5 + 10. Suppose 0 = 2*k - 4*k + n*m + 31, 4*k - 4*m = 32. What is the units digit of k?
3
Let l(d) = d**2 - 4*d - 3. Let f be l(5). Suppose -5*v - 2*z + 4*z = -4, z = -f*v + 7. Suppose u = -4*t + v*t, -50 = -3*u + 4*t. What is the units digit of u?
0
Let o = -11 + 96. What is the units digit of o?
5
Let d(n) be the first derivative of n**2 - 8*n - 3. Let u be d(6). What is the tens digit of 4/(-6)*(-90)/u?
1
Let d = -8 + 16. Suppose 3*p + y = p + d, -5*y = 4*p - 22. What is the units digit of p?
3
Suppose 3*t - 176 = -5*t. What is the units digit of t?
2
Let u = 110 - 74. What is the tens digit of u?
3
Let g = 265 - 189. What is the units digit of g?
6
What is the tens digit of -12 - -11 - 2/2*-32?
3
Let h = -22 + 5. Let l = h + -13. Let n = -21 - l. What is the units digit of n?
9
Suppose 3*t = 4 + 5. Let p(s) = t + 4 + s**2 - 6*s - 2*s**2 + 15*s. What is the units digit of p(9)?
7
Let z(o) = -3*o - 3. Let y be z(-3). Let r = y - 4. Suppose t + 16 = 3*t + 2*v, 3*v = r*t - 41. What is the units digit of t?
3
Suppose -2*h - 90 = h. Let t = h + 54. What is the units digit of t?
4
Let n = 131 + -85. What is the units digit of n?
6
Let h = 144 + -80. What is the units digit of h?
4
Suppose -8*f + 11*f - 54 = 0. What is the tens digit of f?
1
Let g = -29 - -20. Let z = -6 - g. What is the units digit of z?
3
Let c = -5 + 8. Let p be (-3 - 0/c) + 0. What is the units digit of 2 + p - 1*-3?
2
Let v = 6 - 1. Suppose 3*i - 2*i = 2*h - 29, -v*h + 5*i + 75 = 0. What is the units digit of h?
4
Let x(o) = 4 - 2 - 2*o + 4*o. Let k be x(-2). What is the units digit of 2*((-1)/k + 0)?
1
Let k(s) = -3 + 3*s**2 - 2*s**3 - 6*s + 3*s**3 + 0. What is the units digit of k(-4)?
5
Suppose -2*r - 5*l + 9 = 2*r, 33 = -2*r + 5*l. What is the units digit of ((-15)/r)/(2/8)?
5
Suppose 4*f + 356 = 8*f. What is the tens digit of f?
8
Let v(t) = 3*t**2 + 11*t - t**2 - 5*t + 5. What is the tens digit of v(-4)?
1
Suppose 0 = o + 2*o - 12. What is the units digit of o?
4
Let c(z) be the third derivative of z**5/20 - z**4/8 - z**2. What is the units digit of c(2)?
6
Let p be ((-18)/4)/(18/(-24)). Suppose g = p + 3. What is the units digit of g?
9
Suppose -q + 1 = -2*q. Let i(g) be the third derivative of 3*g**5/20 - g**4/24 + 3*g**2. What is the tens digit of i(q)?
1
Let s = -35 - -74. Suppose 3*a - 9 = 3. Suppose -3 + s = a*i. What is the units digit of i?
9
Suppose 0 = 3*l - 32 + 134. Let t = l - -62. What is the units digit of t?
8
What is the tens digit of 26754/378 - ((-4)/18 + 0)?
7
Let v be -2 - -14 - (4 + -3). What is the units digit of v - -1 - (-2 - -5)?
9
Let x(l) = l - 4. Let f be x(4). Suppose -4*v - 57 = -5*z, f = z + 5*v - 19 - 4. What is the tens digit of z?
1
Suppose -x + 12 = -3*i, 5*x - 12 = 5*i + 8. What is the units digit of 7/(i/(-2) + -1)?
7
Suppose -10*o = -6*o + 28. Let a = -3 - o. Suppose l - a = -1. What is the units digit of l?
3
Let v(s) = -s**3 - 5*s**2 + 6*s + 6. Let l = -6 - 0. Let u be v(l). Suppose -u = -3*p + 3. What is the uni